{"id":1549,"date":"2025-03-26T18:15:25","date_gmt":"2025-03-26T18:15:25","guid":{"rendered":"https:\/\/www.yiddishparis.com\/?page_id=1549"},"modified":"2025-03-26T18:15:27","modified_gmt":"2025-03-26T18:15:27","slug":"conferences","status":"publish","type":"page","link":"https:\/\/www.yiddishparis.com\/fr\/conferences\/","title":{"rendered":"Conf\u00e9rences"},"content":{"rendered":"\n<h1 class=\"wp-block-heading\">C\u00e9l\u00e9bration des 100 ans du YIVO : week-end du 18-21 juillet 2025<\/h1>\n\n\n\n<p>L<strong style=\"font-weight: 400;\">e deuxi\u00e8me week-end de notre universit\u00e9 d\u2019\u00e9t\u00e9 sera d\u00e9di\u00e9 au <u>centi\u00e8me anniversaire du YIVO<\/u><\/strong>, institut central de la recherche dans le domaine yiddish (fond\u00e9 \u00e0 Vilnius, et depuis 1945 \u00e0 New York). Nous recevrons trois professeurs des Etats-Unis pour un cycle d&rsquo;entretiens et de conf\u00e9rences.\u00a0<\/p>\n\n\n\n<ul>\n<li><strong>David Fishman<\/strong>, professeur d\u2019Histoire juive contemporaine au Jewish Theological Seminary de New York. Conf\u00e9rence :  \u00ab&nbsp;Le YIVO pendant la Deuxi\u00e8me guerre mondiale&nbsp;\u00bb. Entretien : \u00ab\u00a0Mes souvenirs du YIVO de New York dans les ann\u00e9es 1970\u00a0\u00bb <\/li>\n\n\n\n<li><strong>Paul Glasser<\/strong>, ancien doyen du centre Max Weinreich au YIVO \u00e0 New York. Conf\u00e9rence : \u00ab&nbsp;Le d\u00e9partement de philologie du YIVO \u00e0 Vilnius&nbsp;\u00bb. Entretien : \u00ab\u00a0Mon travail de lexicographe yiddish aujourd&rsquo;hui\u00a0\u00bb. <\/li>\n\n\n\n<li><strong>Elissa Bemporad<\/strong>, professeur d\u2019Histoire (CUNY, center for Jewish Studies, New York), sp\u00e9cialiste de l\u2019histoire des juifs d\u2019Europe de l\u2019Est\u00a0: \u00ab\u00a0La vision sovi\u00e9tique du YIVO dans les ann\u00e9es 1920\u00a0\u00bb.<\/li>\n<\/ul>\n\n\n\n<h2 class=\"wp-block-heading\"><strong>Le YIVO pendant la Seconde Guerre mondiale<\/strong> &#8211; David Fishman<\/h2>\n\n\n\n<p>En 1939, le YIVO tenait clairement le r\u00f4le d\u2019institution acad\u00e9mique centrale du juda\u00efsme polonais et des juifs de langue yiddish dans le monde entier. Pendant la guerre, cette institution a partag\u00e9 le destin tragique et h\u00e9ro\u00efque des communaut\u00e9s qu&rsquo;il repr\u00e9sentait. Nous suivrons l&rsquo;histoire des dirigeants, du personnel, des collections, des locaux et des publications du YIVO pendant les ann\u00e9es 1939-1945. Il est r\u00e9v\u00e9lateur que deux des trois responsables de l&rsquo;institut \u00e0 Vilnius aient p\u00e9ri pendant la guerre : Zalmen Reijzin aux mains des Sovi\u00e9tiques et Zelig Kalmanowicz aux mains des nazis. Seul Max Weinreich eut la chance d&rsquo;\u00e9migrer aux \u00c9tats-Unis en 1940 et de pouvoir reconstruire le YIVO sur le sol am\u00e9ricain. L&rsquo;histoire du YIVO est celle d&rsquo;un meurtre et d&rsquo;une survie, d&rsquo;un pillage et d&rsquo;un sauvetage, d&rsquo;une destruction et d&rsquo;une reconstruction. Le YIVO est la seule institution juive au monde a \u00eatre devenue, en tant qu&rsquo;institution, un r\u00e9fugi\u00e9 ayant surv\u00e9cu \u00e0 la destruction des juifs d\u2019Europe.<\/p>\n\n\n\n<h2 class=\"wp-block-heading\"><strong>Le YIVO \u00e0 travers les yeux des juifs sovi\u00e9tiques<\/strong> &#8211; Elissa Bemporad<\/h2>\n\n\n\n<p>Cet expos\u00e9 examine les relations entre le YIVO et les institutions universitaires yiddish \u00e9tablies en Union sovi\u00e9tique apr\u00e8s la r\u00e9volution bolchevique, en particulier \u00e0 Minsk, Kharkiv et Moscou. Si, durant la seconde moiti\u00e9 des ann\u00e9es 1920, les relations entre le YIVO et les institutions culturelles et universitaires juives sovi\u00e9tiques ont perdur\u00e9, avec quelques tentatives de collaborations acad\u00e9miques, apr\u00e8s 1930 en revanche, ces relations se sont distendues, donnant lieu \u00e0 des \u00e9changes politiques de plus en plus vifs. Cet expos\u00e9 explorera \u00e9galement l&rsquo;attaque lanc\u00e9e contre le YIVO et ses activit\u00e9s de recherche par la publication \u00e0 Minsk en 1930 du volume <em>Fashizirter yidishizm un zayn visnshaft <\/em>(<em>Le yiddishisme fasciste<\/em>).\u00a0\u00a0<\/p>\n\n\n\n<h1 class=\"wp-block-heading\">Conf\u00e9rences sur l&rsquo;histoire et la culture du monde yiddish<\/h1>\n\n\n\n<h2 class=\"wp-block-heading\"><strong>\u00ab Travailleuses spirituelles \u00bb en Europe orientale juive<\/strong>, &#8211; Annabel Cohen<\/h2>\n\n\n\n<p>Dans les repr\u00e9sentations typiques de la vie juive en Europe de l&rsquo;Est, religion et spiritualit\u00e9 sont souvent pr\u00e9sent\u00e9es comme des domaines r\u00e9serv\u00e9s aux hommes, qui prennent place au sein d\u2019institutions patriarcales telles que la <em>shul<\/em>, le <em>shtibl<\/em> et le <em>beys<\/em>&#8211;<em>midresh<\/em>. N\u00e9anmoins, certains aspects de la vie religieuse \u2013 \u00a0prendre soin des esprits des anc\u00eatres d\u00e9c\u00e9d\u00e9s ou prot\u00e9ger la communaut\u00e9 contre le mauvais \u0153il \u2013 \u00e9taient vus comme \u00ab l\u2019affaire des femmes \u00bb, selon les termes de l&rsquo;\u00e9crivain yiddish Itsik Manger. Cet expos\u00e9 pr\u00e9sentera certains r\u00f4les professionnels f\u00e9minins fr\u00e9quemment mis en sc\u00e8ne dans la litt\u00e9rature yiddish et qui jouaient un r\u00f4le important dans le monde religieux traditionnel des Juifs d&rsquo;Europe de l&rsquo;Est. Le cimeti\u00e8re \u00e9tant un lieu o\u00f9 rituels et pri\u00e8res jouaient un r\u00f4le important, la pr\u00e9sentation accordera une attention particuli\u00e8re aux \u00ab femmes des cimeti\u00e8res \u00bb ashk\u00e9nazes et \u00e0 leurs <em>tkhines<\/em> (pri\u00e8res) et <em>klogenishn<\/em> (lamentations).\u00a0\u00a0<\/p>\n\n\n\n<h2 class=\"wp-block-heading\"><strong>Les Juifs, le Yiddish et les Brigades Internationales<\/strong> &#8211; Annabel Cohen<\/h2>\n\n\n\n<p>Entre 1936 et 1938, environ 35 000 volontaires sont partis en Espagne pour lutter contre Franco, Hitler et Mussolini au sein des Brigades internationales communistes, constitu\u00e9es \u00e0 Paris par la Main d\u2019\u0152uvre Immigr\u00e9e (MOI), l&rsquo;organisation du Parti Communiste Fran\u00e7ais en rassemblant les membres \u00e9trangers. On estime qu&rsquo;environ 10 % des volontaires de cette \u00ab arm\u00e9e du peuple \u00bb pluri-nationale \u00e9taient d&rsquo;origine juive, et nombre d&rsquo;entre eux parlaient le yiddish ou \u00e9taient enfants d&rsquo;immigr\u00e9s ashk\u00e9nazes. En s\u2019int\u00e9ressant \u00e0 la mani\u00e8re dont ces combattants ont combin\u00e9 r\u00e9sistance antifasciste et activit\u00e9s culturelles yiddish avant, pendant et apr\u00e8s la guerre civile espagnole, cette pr\u00e9sentation discutera le r\u00f4le particulier jou\u00e9 dans les Brigades internationales par un r\u00e9seau d&rsquo;activistes communistes juifs \u00e0 Barcelone, Paris et New York.<\/p>\n","protected":false},"excerpt":{"rendered":"<p>C\u00e9l\u00e9bration des 100 ans du YIVO : week-end du 18-21 juillet 2025 Le deuxi\u00e8me week-end de notre universit\u00e9 d\u2019\u00e9t\u00e9 sera d\u00e9di\u00e9 au centi\u00e8me anniversaire du YIVO, institut central de la recherche dans le domaine yiddish (fond\u00e9 \u00e0 Vilnius, et depuis 1945 \u00e0 New York). Nous recevrons trois professeurs des Etats-Unis pour un cycle d&rsquo;entretiens et &hellip; <\/p>\n<p class=\"link-more\"><a href=\"https:\/\/www.yiddishparis.com\/fr\/conferences\/\" class=\"more-link\">Continuer la lecture<span class=\"screen-reader-text\"> de &laquo;&nbsp;Conf\u00e9rences&nbsp;&raquo;<\/span><\/a><\/p>\n","protected":false},"author":9,"featured_media":0,"parent":0,"menu_order":0,"comment_status":"closed","ping_status":"closed","template":"","meta":{"_monsterinsights_skip_tracking":false,"_monsterinsights_sitenote_active":false,"_monsterinsights_sitenote_note":"","_monsterinsights_sitenote_category":0},"_links":{"self":[{"href":"https:\/\/www.yiddishparis.com\/fr\/wp-json\/wp\/v2\/pages\/1549"}],"collection":[{"href":"https:\/\/www.yiddishparis.com\/fr\/wp-json\/wp\/v2\/pages"}],"about":[{"href":"https:\/\/www.yiddishparis.com\/fr\/wp-json\/wp\/v2\/types\/page"}],"author":[{"embeddable":true,"href":"https:\/\/www.yiddishparis.com\/fr\/wp-json\/wp\/v2\/users\/9"}],"replies":[{"embeddable":true,"href":"https:\/\/www.yiddishparis.com\/fr\/wp-json\/wp\/v2\/comments?post=1549"}],"version-history":[{"count":2,"href":"https:\/\/www.yiddishparis.com\/fr\/wp-json\/wp\/v2\/pages\/1549\/revisions"}],"predecessor-version":[{"id":1556,"href":"https:\/\/www.yiddishparis.com\/fr\/wp-json\/wp\/v2\/pages\/1549\/revisions\/1556"}],"wp:attachment":[{"href":"https:\/\/www.yiddishparis.com\/fr\/wp-json\/wp\/v2\/media?parent=1549"}],"curies":[{"name":"wp","href":"https:\/\/api.w.org\/{rel}","templated":true}]}}

Conférences

<h1 class="wp-block-heading">Célébration des 100 ans du YIVO : week-end du 18-21 juillet 2025</h1>



<p>L<strong style="font-weight: 400;">e deuxième week-end de notre université d’été sera dédié au <u>centième anniversaire du YIVO</u></strong>, institut central de la recherche dans le domaine yiddish (fondé à Vilnius, et depuis 1945 à New York). Nous recevrons trois professeurs des Etats-Unis pour un cycle d&rsquo;entretiens et de conférences. </p>



<ul>
<li><strong>David Fishman</strong>, professeur d’Histoire juive contemporaine au Jewish Theological Seminary de New York. Conférence :  «&nbsp;Le YIVO pendant la Deuxième guerre mondiale&nbsp;». Entretien : « Mes souvenirs du YIVO de New York dans les années 1970 » </li>



<li><strong>Paul Glasser</strong>, ancien doyen du centre Max Weinreich au YIVO à New York. Conférence : «&nbsp;Le département de philologie du YIVO à Vilnius&nbsp;». Entretien : « Mon travail de lexicographe yiddish aujourd&rsquo;hui ». </li>



<li><strong>Elissa Bemporad</strong>, professeur d’Histoire (CUNY, center for Jewish Studies, New York), spécialiste de l’histoire des juifs d’Europe de l’Est : « La vision soviétique du YIVO dans les années 1920 ».</li>
</ul>



<h2 class="wp-block-heading"><strong>Le YIVO pendant la Seconde Guerre mondiale</strong> &#8211; David Fishman</h2>



<p>En 1939, le YIVO tenait clairement le rôle d’institution académique centrale du judaïsme polonais et des juifs de langue yiddish dans le monde entier. Pendant la guerre, cette institution a partagé le destin tragique et héroïque des communautés qu&rsquo;il représentait. Nous suivrons l&rsquo;histoire des dirigeants, du personnel, des collections, des locaux et des publications du YIVO pendant les années 1939-1945. Il est révélateur que deux des trois responsables de l&rsquo;institut à Vilnius aient péri pendant la guerre : Zalmen Reijzin aux mains des Soviétiques et Zelig Kalmanowicz aux mains des nazis. Seul Max Weinreich eut la chance d&rsquo;émigrer aux États-Unis en 1940 et de pouvoir reconstruire le YIVO sur le sol américain. L&rsquo;histoire du YIVO est celle d&rsquo;un meurtre et d&rsquo;une survie, d&rsquo;un pillage et d&rsquo;un sauvetage, d&rsquo;une destruction et d&rsquo;une reconstruction. Le YIVO est la seule institution juive au monde a être devenue, en tant qu&rsquo;institution, un réfugié ayant survécu à la destruction des juifs d’Europe.</p>



<h2 class="wp-block-heading"><strong>Le YIVO à travers les yeux des juifs soviétiques</strong> &#8211; Elissa Bemporad</h2>



<p>Cet exposé examine les relations entre le YIVO et les institutions universitaires yiddish établies en Union soviétique après la révolution bolchevique, en particulier à Minsk, Kharkiv et Moscou. Si, durant la seconde moitié des années 1920, les relations entre le YIVO et les institutions culturelles et universitaires juives soviétiques ont perduré, avec quelques tentatives de collaborations académiques, après 1930 en revanche, ces relations se sont distendues, donnant lieu à des échanges politiques de plus en plus vifs. Cet exposé explorera également l&rsquo;attaque lancée contre le YIVO et ses activités de recherche par la publication à Minsk en 1930 du volume <em>Fashizirter yidishizm un zayn visnshaft </em>(<em>Le yiddishisme fasciste</em>).  </p>



<h1 class="wp-block-heading">Conférences sur l&rsquo;histoire et la culture du monde yiddish</h1>



<h2 class="wp-block-heading"><strong>« Travailleuses spirituelles » en Europe orientale juive</strong>, &#8211; Annabel Cohen</h2>



<p>Dans les représentations typiques de la vie juive en Europe de l&rsquo;Est, religion et spiritualité sont souvent présentées comme des domaines réservés aux hommes, qui prennent place au sein d’institutions patriarcales telles que la <em>shul</em>, le <em>shtibl</em> et le <em>beys</em>&#8211;<em>midresh</em>. Néanmoins, certains aspects de la vie religieuse –  prendre soin des esprits des ancêtres décédés ou protéger la communauté contre le mauvais œil – étaient vus comme « l’affaire des femmes », selon les termes de l&rsquo;écrivain yiddish Itsik Manger. Cet exposé présentera certains rôles professionnels féminins fréquemment mis en scène dans la littérature yiddish et qui jouaient un rôle important dans le monde religieux traditionnel des Juifs d&rsquo;Europe de l&rsquo;Est. Le cimetière étant un lieu où rituels et prières jouaient un rôle important, la présentation accordera une attention particulière aux « femmes des cimetières » ashkénazes et à leurs <em>tkhines</em> (prières) et <em>klogenishn</em> (lamentations).  </p>



<h2 class="wp-block-heading"><strong>Les Juifs, le Yiddish et les Brigades Internationales</strong> &#8211; Annabel Cohen</h2>



<p>Entre 1936 et 1938, environ 35 000 volontaires sont partis en Espagne pour lutter contre Franco, Hitler et Mussolini au sein des Brigades internationales communistes, constituées à Paris par la Main d’Œuvre Immigrée (MOI), l&rsquo;organisation du Parti Communiste Français en rassemblant les membres étrangers. On estime qu&rsquo;environ 10 % des volontaires de cette « armée du peuple » pluri-nationale étaient d&rsquo;origine juive, et nombre d&rsquo;entre eux parlaient le yiddish ou étaient enfants d&rsquo;immigrés ashkénazes. En s’intéressant à la manière dont ces combattants ont combiné résistance antifasciste et activités culturelles yiddish avant, pendant et après la guerre civile espagnole, cette présentation discutera le rôle particulier joué dans les Brigades internationales par un réseau d&rsquo;activistes communistes juifs à Barcelone, Paris et New York.</p>

<p>Célébration des 100 ans du YIVO : week-end du 18-21 juillet 2025 Le deuxième week-end de notre université d’été sera dédié au centième anniversaire du YIVO, institut central de la recherche dans le domaine yiddish (fondé à Vilnius, et depuis 1945 à New York). Nous recevrons trois professeurs des Etats-Unis pour un cycle d&rsquo;entretiens et &hellip; </p>
<p class="link-more"><a href="https://www.yiddishparis.com/fr/conferences/" class="more-link">Continuer la lecture<span class="screen-reader-text"> de &laquo;&nbsp;Conférences&nbsp;&raquo;</span></a></p>
